{"id":63,"date":"2023-12-16T11:31:04","date_gmt":"2023-12-16T10:31:04","guid":{"rendered":"https:\/\/www.schnitzelhaus-christ.de\/?page_id=63"},"modified":"2026-03-08T11:16:22","modified_gmt":"2026-03-08T10:16:22","slug":"veranstaltungen","status":"publish","type":"page","link":"https:\/\/www.schnitzelhaus-christ.de\/?page_id=63","title":{"rendered":"Veranstaltungen"},"content":{"rendered":"<p>Neben unseren normalen \u00d6ffnungszeiten, bieten wir regelm\u00e4\u00dfige Workshops zu speziellen Themen an. Sommerfest, Dorffest und Weihnachtsfeier f\u00fcr Gro\u00df und Klein gibt es nat\u00fcrlich auch.<\/p>\n<p style=\"text-align: center;\"><iframe loading=\"lazy\" title=\"YouTube video player\" src=\"https:\/\/www.youtube.com\/embed\/-H4s5otwEq0?si=4APfJFlbNUbD-i3T\" width=\"600\" height=\"450\" frameborder=\"0\" allowfullscreen=\"allowfullscreen\"><\/iframe><\/p>\n<p>&nbsp;<\/p>\n<p>&nbsp;<\/p>\n<p>Gute Stimmung inklusive!<\/p>\n","protected":false},"excerpt":{"rendered":"<p>Neben unseren normalen \u00d6ffnungszeiten, bieten wir regelm\u00e4\u00dfige Workshops zu speziellen [&hellip;]<\/p>\n","protected":false},"author":1,"featured_media":0,"parent":0,"menu_order":0,"comment_status":"closed","ping_status":"closed","template":"","meta":{"footnotes":""},"class_list":["post-63","page","type-page","status-publish","hentry"],"_links":{"self":[{"href":"https:\/\/www.schnitzelhaus-christ.de\/index.php?rest_route=\/wp\/v2\/pages\/63","targetHints":{"allow":["GET"]}}],"collection":[{"href":"https:\/\/www.schnitzelhaus-christ.de\/index.php?rest_route=\/wp\/v2\/pages"}],"about":[{"href":"https:\/\/www.schnitzelhaus-christ.de\/index.php?rest_route=\/wp\/v2\/types\/page"}],"author":[{"embeddable":true,"href":"https:\/\/www.schnitzelhaus-christ.de\/index.php?rest_route=\/wp\/v2\/users\/1"}],"replies":[{"embeddable":true,"href":"https:\/\/www.schnitzelhaus-christ.de\/index.php?rest_route=%2Fwp%2Fv2%2Fcomments&post=63"}],"version-history":[{"count":5,"href":"https:\/\/www.schnitzelhaus-christ.de\/index.php?rest_route=\/wp\/v2\/pages\/63\/revisions"}],"predecessor-version":[{"id":364,"href":"https:\/\/www.schnitzelhaus-christ.de\/index.php?rest_route=\/wp\/v2\/pages\/63\/revisions\/364"}],"wp:attachment":[{"href":"https:\/\/www.schnitzelhaus-christ.de\/index.php?rest_route=%2Fwp%2Fv2%2Fmedia&parent=63"}],"curies":[{"name":"wp","href":"https:\/\/api.w.org\/{rel}","templated":true}]}}